 units digit of 127206?
6
What is the units digit of 3?
3
What is the hundreds digit of 7605?
6
What is the units digit of 125566?
6
What is the units digit of 7859?
9
What is the ten thousands digit of 10270?
1
What is the units digit of 4156?
6
What is the units digit of 4907?
7
What is the hundreds digit of 5772?
7
What is the thousands digit of 3194?
3
What is the units digit of 6037?
7
What is the units digit of 554?
4
What is the tens digit of 28058?
5
What is the hundred thousands digit of 116688?
1
What is the tens digit of 4919?
1
What is the units digit of 4683?
3
What is the hundreds digit of 3307?
3
What is the thousands digit of 26819?
6
What is the thousands digit of 1766?
1
What is the ten thousands digit of 110803?
1
What is the thousands digit of 17046?
7
What is the units digit of 607?
7
What is the tens digit of 32779?
7
What is the thousands digit of 14875?
4
What is the thousands digit of 2236?
2
What is the hundreds digit of 269?
2
What is the tens digit of 4846?
4
What is the units digit of 817?
7
What is the tens digit of 4704?
0
What is the ten thousands digit of 11244?
1
What is the units digit of 8300?
0
What is the hundreds digit of 26405?
4
What is the units digit of 359?
9
What is the units digit of 2057?
7
What is the units digit of 774?
4
What is the thousands digit of 8503?
8
What is the tens digit of 3826?
2
What is the ten thousands digit of 70815?
7
What is the ten thousands digit of 16932?
1
What is the thousands digit of 157697?
7
What is the hundreds digit of 670?
6
What is the tens digit of 2278?
7
What is the ten thousands digit of 42286?
4
What is the hundreds digit of 680?
6
What is the thousands digit of 2988?
2
What is the hundreds digit of 40694?
6
What is the tens digit of 56866?
6
What is the tens digit of 810?
1
What is the tens digit of 5395?
9
What is the units digit of 82?
2
What is the tens digit of 711?
1
What is the tens digit of 3647?
4
What is the hundreds digit of 3211?
2
What is the units digit of 453?
3
What is the tens digit of 747?
4
What is the hundreds digit of 7569?
5
What is the thousands digit of 1029?
1
What is the units digit of 2033?
3
What is the tens digit of 12071?
7
What is the hundreds digit of 15780?
7
What is the units digit of 2566?
6
What is the units digit of 51317?
7
What is the units digit of 2387?
7
What is the thousands digit of 33559?
3
What is the hundreds digit of 6161?
1
What is the thousands digit of 16356?
6
What is the hundreds digit of 2636?
6
What is the thousands digit of 22171?
2
What is the hundreds digit of 43074?
0
What is the units digit of 16753?
3
What is the tens digit of 64959?
5
What is the tens digit of 2415?
1
What is the tens digit of 8783?
8
What is the units digit of 321?
1
What is the thousands digit of 5290?
5
What is the thousands digit of 4261?
4
What is the thousands digit of 1236?
1
What is the thousands digit of 14124?
4
What is the ten thousands digit of 19973?
1
What is the thousands digit of 1637?
1
What is the thousands digit of 4136?
4
What is the hundreds digit of 437?
4
What is the hundreds digit of 7801?
8
What is the thousands digit of 4342?
4
What is the thousands digit of 2000?
2
What is the units digit of 74?
4
What is the tens digit of 698?
9
What is the hundreds digit of 4258?
2
What is the ten thousands digit of 11361?
1
What is the tens digit of 146098?
9
What is the units digit of 820?
0
What is the tens digit of 897?
9
What is the ten thousands digit of 10533?
1
What is the tens digit of 12777?
7
What is the tens digit of 12543?
4
What is the thousands digit of 1343?
1
What is the tens digit of 235?
3
What is the units digit of 11605?
5
What is the thousands digit of 3381?
3
What is the hundreds digit of 1376?
3
What is the hundreds digit of 3955?
9
What is the ten thousands digit of 75598?
7
What is the tens digit of 2130?
3
What is the hundreds digit of 76063?
0
What is the units digit of 2001?
1
What is the tens digit of 1744?
4
What is the hundreds digit of 49223?
2
What is the thousands digit of 1675?
1
What is the tens digit of 149766?
6
What is the units digit of 38153?
3
What is the hundreds digit of 369?
3
What is the ten thousands digit of 83149?
8
What is the units digit of 238?
8
What is the units digit of 16665?
5
What is the ten thousands digit of 64451?
6
What is the units digit of 1569?
9
What is the ten thousands digit of 88576?
8
What is the thousands digit of 32847?
2
What is the thousands digit of 3436?
3
What is the units digit of 277?
7
What is the units digit of 547?
7
What is the tens digit of 3726?
2
What is the hundreds digit of 87494?
4
What is the hundreds digit of 9812?
8
What is the tens digit of 13645?
4
What is the hundreds digit of 612?
6
What is the tens digit of 4864?
6
What is the hundreds digit of 3617?
6
What is the tens digit of 1326?
2
What is the hundreds digit of 1495?
4
What is the units digit of 119?
9
What is the hundreds digit of 36071?
0
What is the ten thousands digit of 39985?
3
What is the tens digit of 6005?
0
What is the ten thousands digit of 15598?
1
What is the hundreds digit of 193?
1
What is the hundreds digit of 12674?
6
What is the units digit of 45374?
4
What is the units digit of 3855?
5
What is the tens digit of 78144?
4
What is the tens digit of 4580?
8
What is the units digit of 1027?
7
What is the units digit of 68854?
4
What is the units digit of 6397?
7
What is the tens digit of 12321?
2
What is the hundreds digit of 388?
3
What is the tens digit of 2773?
7
What is the units digit of 10562?
2
What is the hundreds digit of 48850?
8
What is the thousands digit of 7720?
7
What is the tens digit of 1163?
6
What is the hundreds digit of 4631?
6
What is the thousands digit of 5139?
5
What is the ten thousands digit of 122494?
2
What is the tens digit of 552?
5
What is the tens digit of 447?
4
What is the ten thousands digit of 70180?
7
What is the thousands digit of 18768?
8
What is the thousands digit of 1238?
1
What is the hundreds digit of 3034?
0
What is the thousands digit of 10592?
0
What is the tens digit of 2368?
6
What is the thousands digit of 1494?
1
What is the hundreds digit of 48633?
6
What is the thousands digit of 87374?
7
What is the thousands digit of 53725?
3
What is the hundreds digit of 125?
1
What is the units digit of 4996?
6
What is the tens digit of 2987?
8
What is the thousands digit of 1400?
1
What is the thousands digit of 14089?
4
What is the units digit of 636?
6
What is the hundreds digit of 830?
8
What is the hundreds digit of 1582?
5
What is the ten thousands digit of 11496?
1
What is the units digit of 9877?
7
What is the thousands digit of 1904?
1
What is the thousands digit of 1837?
1
What is the tens digit of 3946?
4
What is the thousands digit of 69862?
9
What is the hundreds digit of 49487?
4
What is the tens digit of 297?
9
What is the ten thousands digit of 35663?
3
What is the units digit of 13849?
9
What is the units digit of 553?
3
What is the tens digit of 679?
7
What is the hundreds digit of 218?
2
What is the hundreds digit of 9223?
2
What is the tens digit of 3365?
6
What is the ten thousands digit of 28838?
2
What is the ten thousands digit of 12954?
1
What is the tens digit of 7291?
9
What is the units digit of 1407?
7
What is the units digit of 421?
1
What is the hundreds digit of 1194?
1
What is the hundreds digit of 884?
8
What is the tens digit of 60935?
3
What is the hundreds digit of 8092?
0
What is the units digit of 437?
7
What is the thousands digit of 32423?
2
What is the hundreds digit of 14749?
7
What is the units digit of 14553?
3
What is the units digit of 9641?
1
What is the tens digit of 3350?
5
What is the ten thousands digit of 45985?
4
What is the tens digit of 31783?
8
What is the units digit of 5867?
7
What is the tens digit of 804?
0
What is the hundreds digit of 20493?
4
What is the hundreds digit of 710?
7
What is the tens digit of 581?
8
What is the units digit of 12470?
0
What is the tens digit of 2334?
3
What is the thousands digit of 4761?
4
What is the ten thousands digit of 32826?
3
What is the tens digit of 19988?
8
What is the thousands digit of 84611?
4
What is the tens digit of 8408?
0
What is the units digit of 2537?
7
What is the tens digit of 845?
4
What is the 